{"id":120,"date":"2025-03-07T08:27:52","date_gmt":"2025-03-07T08:27:52","guid":{"rendered":"https:\/\/kaced.org\/?page_id=120"},"modified":"2025-03-11T21:09:05","modified_gmt":"2025-03-11T21:09:05","slug":"bilgiye-engelsiz-erisim","status":"publish","type":"page","link":"https:\/\/kaced.org\/?page_id=120","title":{"rendered":"B\u0130LG\u0130YE ENGELS\u0130Z ER\u0130\u015e\u0130M"},"content":{"rendered":"","protected":false},"excerpt":{"rendered":"","protected":false},"author":1,"featured_media":0,"parent":0,"menu_order":0,"comment_status":"closed","ping_status":"closed","template":"","meta":{"saved_in_kubio":true,"footnotes":""},"class_list":["post-120","page","type-page","status-publish","hentry"],"kubio_ai_page_context":{"short_desc":"","purpose":"general"},"_links":{"self":[{"href":"https:\/\/kaced.org\/index.php?rest_route=\/wp\/v2\/pages\/120","targetHints":{"allow":["GET"]}}],"collection":[{"href":"https:\/\/kaced.org\/index.php?rest_route=\/wp\/v2\/pages"}],"about":[{"href":"https:\/\/kaced.org\/index.php?rest_route=\/wp\/v2\/types\/page"}],"author":[{"embeddable":true,"href":"https:\/\/kaced.org\/index.php?rest_route=\/wp\/v2\/users\/1"}],"replies":[{"embeddable":true,"href":"https:\/\/kaced.org\/index.php?rest_route=%2Fwp%2Fv2%2Fcomments&post=120"}],"version-history":[{"count":2,"href":"https:\/\/kaced.org\/index.php?rest_route=\/wp\/v2\/pages\/120\/revisions"}],"predecessor-version":[{"id":223,"href":"https:\/\/kaced.org\/index.php?rest_route=\/wp\/v2\/pages\/120\/revisions\/223"}],"wp:attachment":[{"href":"https:\/\/kaced.org\/index.php?rest_route=%2Fwp%2Fv2%2Fmedia&parent=120"}],"curies":[{"name":"wp","href":"https:\/\/api.w.org\/{rel}","templated":true}]}}